 Is l composite?
True
Let r(y) = -4822*y - 257. Is r(-18) a composite number?
False
Let m = -57 + 64. Suppose f + 3 = -3*z, f + 4*z = -4*f + m. Suppose 370 = 2*p - h, 2*p - f*h - 740 = -2*p. Is p a composite number?
True
Suppose g = -6*l + 5*l - 2, 14 = 5*l - 3*g. Is (37 + -1264)/(l - (-10)/(-4)) prime?
False
Let s = -10380 - -31847. Is s a composite number?
False
Let b be (-75 - -6)/(-3)*-4. Let t = b + 111. Is t prime?
True
Suppose t - 5 = -l, 13 = 5*t + 2*l - 3*l. Is 5972 + t/(-12)*4 composite?
True
Let d(q) be the second derivative of 3*q**2 + 30*q - 31/3*q**3 + 0. Is d(-8) a prime number?
False
Suppose 12*r - 15 = 9*r - 3*n, 0 = 2*n. Suppose -o - 4*o = -r*t + 3965, 3*o + 1582 = 2*t. Is t composite?
False
Is (-1196565)/(-2) - (-17 - (-792)/48) a prime number?
False
Let s = 1132303 - 8304. Is s prime?
True
Let l = 19103 + 29396. Is l composite?
True
Suppose -53*z + 52*z - 4*x + 52685 = 0, -2*z + 2*x = -105310. Is z prime?
False
Let n(y) = -478*y + 109. Let v be n(34). Let r = v + 25364. Is r prime?
True
Suppose -4*n = 2*n - 480223 + 181381. Is n prime?
True
Let v be (-1)/1 + 3672/(-3) + 11. Let j = -803 - v. Is j a composite number?
True
Let u = 97374 + 119615. Is u a composite number?
True
Suppose 5*o - 42 = -2. Let b(p) = 185*p + 31. Let i be b(o). Is (i/3)/((-2)/(-6)) prime?
True
Suppose 600*h - 11813385 = 549*h. Is h a composite number?
True
Let q(c) = 130*c - 1. Let a(y) = -259*y + 2. Let p(s) = -2*a(s) - 5*q(s). Let r be p(-2). Suppose 0 = -0*x - 5*x + r. Is x composite?
False
Suppose -44*s + 2474451 - 704287 = 0. Is s composite?
False
Let k = 508 - 496. Suppose -k*a + 22457 = -11899. Is a composite?
True
Is 1449532 + -19 - (-6 + 8) prime?
False
Let o = -20 - -22. Let v(j) be the third derivative of 37*j**4/6 + j**3/2 - 6*j**2 - 4. Is v(o) composite?
True
Suppose -29*u + 20 = -24*u. Suppose 2*g = 3*r + 9085, 5*r - 13845 = -u*g + 4358. Is g prime?
True
Let q(z) = 437*z**2 - 20*z - 19. Is q(25) a prime number?
False
Let j be (10/(-6))/(16/(-96)). Is 205/j*-1*-332 + -3 a prime number?
True
Suppose 0 = -3*f, 3*f = -4*n - 39933 + 250921. Is n composite?
False
Let j be ((1 - 0) + 40)*(12 - 10). Suppose -j*c + 87*c = 4765. Is c - ((-20)/15)/(4/6) prime?
False
Let f be ((-16)/(-46))/(32/368). Let h(y) be the second derivative of 21*y**3/2 - y**2/2 + y. Is h(f) prime?
True
Let i(d) = 24*d + 37*d**2 - 88*d**2 - 6 + 48*d**2 - 74*d**3. Is i(-7) prime?
False
Suppose -4*p + 36997 = -32507. Let i = 25523 - p. Is i a prime number?
True
Let j = -8644 + 20945. Is j prime?
True
Suppose -d + 4*d + 5*a = 8854, -2*a = -4*d + 11762. Let q = d - 4316. Let k = q - -2188. Is k a prime number?
False
Let c(u) = -u**3 + 31*u**2 + 61*u + 4. Let h = 712 - 689. Is c(h) composite?
False
Let a = 24 - 385. Is 914/(-2)*a/19 prime?
False
Let b(r) = 62845*r**2 - 7*r - 7. Is b(-2) a composite number?
False
Is ((-7953844)/(-24) - -5 - 4) + (-17)/102 a prime number?
False
Suppose 8*a - 4 = 92. Is (-7445)/(-10)*a + (-20)/(-4) a composite number?
True
Let x = 70132 + -40871. Suppose 26*s = -3*s + x. Is s prime?
True
Suppose 23 = -6*n - 31. Is 4083*(-2)/(-10)*(-15)/n a prime number?
True
Let o(w) = 25887*w + 11195. Is o(14) prime?
True
Suppose 6729*f = 6751*f - 36338918. Is f a prime number?
False
Let y = 10581 - 6820. Is y prime?
True
Let d(a) = 47*a + 12. Let w(x) = 10*x + 47. Let l be w(-5). Let p be (4 + l/6)*2. Is d(p) composite?
True
Let s(p) = -6*p + 23 + 17*p - 16*p**2 + p**3 - 24. Let m be s(16). Suppose 541 = 4*j - m. Is j a composite number?
False
Is ((-1393314)/234)/((-3)/99) a prime number?
False
Let z(h) = -h + 187. Let p(l) = -42*l**2 + 4*l + 3. Let c be p(-1). Let f = 43 + c. Is z(f) a prime number?
False
Suppose 1247595 = 18*v + 96009. Is v a composite number?
False
Is (-14)/(-12) - (-969762432)/2304 a prime number?
False
Let i(t) be the third derivative of t**6/120 - 11*t**5/60 - t**4/12 + 13*t**3/3 + t**2 + 36*t. Let o be i(11). Is ((-6)/3 - (-7 + o)) + 906 composite?
False
Suppose -358 - 1042 = -25*k. Is -20*1*(-68054)/k composite?
True
Suppose -13*n - 1077171 = -0*n - 6302014. Is n a composite number?
True
Let c(t) = -t**3 + 83*t**2 + 94*t - 231. Is c(83) a composite number?
True
Let g = -59 + 61. Suppose 3*w + g*a = 273 + 1738, 5*w + 5*a - 3360 = 0. Is w prime?
False
Let h(w) = 91*w**2 + 130*w - 1952. Is h(17) a prime number?
True
Let y = -6591 - -29024. Is y a prime number?
True
Let n be -53*2/2 + -2. Let f = n + 92. Is f a composite number?
False
Suppose 8*l + 0*l = -32. Let f(s) = 2*s + 0 + 4 + 6*s**2 - 1. Is f(l) prime?
False
Suppose 28*p = 24*p + 384. Suppose p*m = 103*m - 28. Is m a composite number?
True
Suppose -1007 = 19*q + 475. Is q/(-52)*1402/3 a prime number?
True
Suppose -3*u - 2081 = 5*y - 397, 0 = u + 6*y + 570. Let w = 43 - -66. Let m = w - u. Is m a prime number?
False
Is ((-373238)/(-8))/(23 - 2002/88) prime?
True
Suppose 23 + 6 = 29*f. Is (-20)/(-15)*441/2 - f prime?
True
Let f = -38 + 30. Suppose 5*l - 12 = 11*l. Is (l + 780)*(-12)/f prime?
False
Suppose w = 4*y - 334238 - 672009, y - 251552 = -3*w. Is y a prime number?
True
Suppose -2*s = 24*k - 21*k - 10, -2*k = -2*s. Suppose -21046 = -2*y - 4*x, -k*x - 10532 = -y - x. Is y a composite number?
False
Suppose 29*c - 1705364 = 9*c + 188016. Is c a composite number?
True
Let n(g) be the second derivative of -13*g**5/4 - g**4/4 - 7*g**3/6 + 5*g**2/2 - g. Let i be n(4). Let c = -2252 - i. Is c prime?
True
Let l be (-2)/5 - (11712/(-30) + 2). Suppose 2*z + v - 5*v + 446 = 0, -v = z + 229. Let h = z + l. Is h a prime number?
False
Is ((-13394190)/(-150))/((-2)/(-10)) a prime number?
True
Let s(k) = -1347*k - 212. Let o be s(-7). Suppose -o - 8811 = -2*w. Is w a composite number?
True
Suppose 2*s + 14 = -q + 4*q, 0 = q - 3*s - 14. Suppose -m + 1890 = m - q*o, -4713 = -5*m + 2*o. Is m a prime number?
True
Suppose -98267 = -b - 2*h, 6*b + 5*h - 491340 = b. Is b a composite number?
False
Let k = 69 + 651. Suppose 211 = w - 2*v, 0 = 3*w - v + 4*v - 651. Let a = k - w. Is a a prime number?
False
Suppose j + 3*t - 5 - 11 = 0, -12 = -4*j + t. Suppose -j*y - 1663 = -o - 4*o, o - 338 = -y. Is o prime?
False
Suppose -10*g = -186661 - 499669. Is g composite?
False
Is ((-8812)/(-5))/(((-108)/30)/(-9)) composite?
True
Suppose -3*g + 0*s + 42878 = -5*s, -g - 2*s = -14267. Is g prime?
True
Suppose 769 = -r + 774. Suppose -r*v + 1638 = -16117. Is v composite?
True
Is 41/6*78/(-26)*(-3313 - 1) prime?
False
Suppose -s - 12 = -v + 6*v, 4*s - 52 = 5*v. Suppose 3386 = s*j - 6*j. Suppose 5*u = 2*d + 2813, 3*d + d = -3*u + j. Is u a composite number?
False
Suppose -2*b + 2*i - i + 1362170 = 0, -2043192 = -3*b - 9*i. Is b a prime number?
False
Is (-298)/(-4321) - (-2 - 79574/29) a prime number?
False
Suppose -4*t - 32 = 4*i, 5 = -t - 0*t. Let n be (-2)/i*969/(-34). Let j = n - -42. Is j a prime number?
True
Suppose 5*r = 5*i - 22677 - 6283, 5*i + 11605 = -2*r. Let y = r - -11056. Is y a prime number?
True
Let b be (-7 - -2)*(36 + -37). Suppose 5*o = 8*o + b*i - 20218, -3*o + 20213 = 4*i. Is o a prime number?
False
Let y(a) = -a**3 + 26*a**2 + 56*a - 14. Let f be y(25). Let d = f - 818. Is d prime?
True
Let t(c) = -38600*c + 11. Is t(-3) a composite number?
False
Let o be (6 - 1/1)*(-104)/130. Let n be (-10)/(561/(-141) - o). Is (6 - 2)/4*n/(-2) a composite number?
True
Let m(v) = -158*v**2 + 7*v + 7. Let o be m(-4). Let p = -1780 - o. Is p a composite number?
False
Suppose 0 = -5*h + 23*c - 28*c + 346190, 4*h - 276951 = -5*c. Is h a prime number?
True
Let r(b) = -b**2 + 20*b - 49. Let j be r(17). Suppose 2*c = -2*p + 11248, -p + j*c + 7440 = 1807. Is p prime?
False
Let t = 698 + -698. Suppose -14*f + 379737 + 139481 = t. Is f composite?
False
Suppose -3*b - b + 1986 = r, -2*r + 5*b = -4037. Suppose -2*v + r = 2*s, -2*s + 4*v + 1023 = -s. Is s composite?
True
Let u(c) = -c**2 - 5*c - 4. Let m be u(-1). Let f(x) = -x + 17. Let j be f(m). Suppose 20*o = j*o + 699. Is o composite?
False
Is 93596*(435/(-20))/(-29) a composite number?
True
Let h be (965/(-10) - 2)*2. Suppose -5*l - 324 = 2136. Let x = h - l. Is x composite?
True
Let k be 0/((-4 - -5)*-1). Suppose k*v + v = -5*v. Suppose -3*j = -0*j - 12, v = -5*q - 4*j + 4871. Is q composite?
False
Is (10*1 - (-7 + 18))/((-2)/656998) a composite number?
True
Let r = 